at is the units digit of i?
9
Let z(i) = i**3 - 3*i**2 - 2*i. Let a be (-2 + 0)/((-2)/4). What is the units digit of z(a)?
8
What is the tens digit of 47 + (-8)/(4 + -6)?
5
Suppose 5*v - 135 = 25. What is the units digit of v?
2
Let l be (2/(-3))/((-4)/(-6)). Suppose w + n = -0*n + 4, -6 = 2*n. Let p = w + l. What is the units digit of p?
6
Let n(u) = -u**2 + 6*u - 6. Let a(z) = z + 1. Let x(d) = -a(d) - n(d). Suppose 21 = 3*h - 0. What is the units digit of x(h)?
5
Suppose 3*i - 19 = -4*k - 0, -k = 3*i - 7. Let z = 12 + i. What is the tens digit of z?
1
Let d(m) = -m**3 + 7*m**2 - 7*m + 5. Let r be d(6). Let w = 9 - r. What is the tens digit of w?
1
Suppose 0 = -0*x - x + 1. Suppose -3*b - 5*g + 12 = x, b = 4*g + 15. What is the units digit of b?
7
Suppose 2*n = n + 60. Suppose 3*t = 7*t - n. What is the units digit of t?
5
Let l be -2*(-1)/(-2)*7. Let c be l*(0 - -1 - 2). Let f = c + 8. What is the units digit of f?
5
Let n be ((-11)/(-4))/((-10)/(-840)). What is the units digit of (-2)/(-7) - n/(-49)?
5
What is the units digit of (1*-31)/((-7)/21)?
3
What is the units digit of 1575/9 + (-2)/(-1)?
7
Suppose -5*h - 33 + 2 = -3*k, -4*k - 4*h = -52. What is the units digit of k?
2
Let j(l) = l**3 - 5*l**2 + 7*l - 5. Let z be j(4). Let y(p) be the first derivative of -p**4/4 + 2*p**3 + 9*p**2/2 - 5*p + 1. What is the units digit of y(z)?
9
Suppose -3*p + 399 - 72 = 0. What is the units digit of p?
9
Let d(m) = m**3 + 8*m**2 - 8*m + 10. What is the units digit of d(-9)?
1
Let o be (0*1/3)/(-1). Let p = o - 0. Suppose p*t + t = 3. What is the units digit of t?
3
Let g(o) = -5*o**2 - 4*o - 5. Let k be g(-2). Suppose 2*m + 9 = m. Let i = m - k. What is the units digit of i?
8
Let c(p) = -p**2 + 4*p + 3. Let u be c(4). Suppose 5*z - u*z - j = 15, 2*j = 3*z - 25. Let v(f) = f + 3. What is the units digit of v(z)?
8
What is the units digit of (-427)/(-5) - (-10)/(-25)?
5
Suppose 144 = 8*t - 5*t. Suppose u = 3*u - t. What is the tens digit of u?
2
Let z(t) = t**3 - 7*t**2 + 7*t + 5. What is the tens digit of z(6)?
1
Let i be 6/15 - (-76)/10. What is the units digit of 35/4 + 2/i?
9
Let o(i) = -2*i**2 + 2*i + 82. What is the tens digit of o(0)?
8
Let n be (-8)/(-52) + (-921)/(-13). Let c = -49 + n. What is the tens digit of c?
2
Suppose -19*z + 14*z = -115. What is the tens digit of z?
2
Suppose 2*r = 3*r. Let v = -2 + r. What is the tens digit of (-14 + -1)*(v - -1)?
1
Let f = 2 - -1. Suppose -2*k + f*k = 2*v - 15, -3*v = -k - 23. What is the units digit of v?
8
Suppose 5*l + h - 373 = 0, -3*h - 402 = -5*l - 21. What is the tens digit of l?
7
Suppose -2*j - m + 12 + 2 = 0, -14 = -4*j + 5*m. Let h be j - (-1 - 3*-1). Let k = 9 - h. What is the units digit of k?
5
Suppose -7*y + 11*y = 136. What is the units digit of y?
4
Let s(m) = -m**3 - 17*m**2 - 3*m - 21. Let i = 20 - 37. What is the units digit of s(i)?
0
Suppose -q - 1 = -9. Let b be 4/(-5)*(-20)/q. Suppose 22 = 2*f + b*g + 3*g, -54 = -3*f + 3*g. What is the units digit of f?
6
Suppose 7*c - 10*c + 66 = 0. What is the tens digit of c?
2
Suppose 0 = 3*g + 2*l - 231, -g - l + 35 = -43. What is the units digit of g?
5
Let h(j) be the second derivative of -1/5*j**5 + 0 - 2*j + 0*j**3 + 1/6*j**4 - 1/2*j**2. What is the units digit of h(-1)?
5
Let b(i) = 50*i**2 + i + 1. Let q be b(-1). Let s = -10 + 25. Suppose -5*k + q = -s. What is the tens digit of k?
1
Let i = 19 - 15. Suppose i*u - k = 75, 3 = k + 2. What is the units digit of u?
9
Let n = 5 + -2. Suppose n*o - 8 - 1 = 0. What is the units digit of o?
3
Let m(f) = -f**2 - 22*f - 57. What is the tens digit of m(-18)?
1
What is the tens digit of ((-15)/6)/(4/(-40))?
2
Let a(q) = -q**3 - 5*q + 2. Let y be a(3). Let p = -13 - y. What is the units digit of p?
7
Let d(n) = -32*n**3 - n**2. What is the tens digit of d(-1)?
3
Let v = 139 - 89. What is the tens digit of v?
5
Suppose 5*d + 5 = 0, -4*d = 2*i - 5*i + 34. What is the units digit of i*(-3)/((-6)/5)?
5
Suppose 11 = 2*v + 3*k, -k = -5*v + k + 18. What is the units digit of v?
4
Let m(l) = 26*l - 2. What is the tens digit of m(7)?
8
Let o be 2/(-4) - (-63)/18. Let b = o + 9. What is the tens digit of b?
1
Let c(u) = -u**3 + 4*u**2 + 3*u - 1. Let z = 9 - 6. What is the units digit of c(z)?
7
What is the tens digit of (0 - -1)/((-1)/(-11))?
1
Suppose 2*s + 0 = -4, -4*v = 4*s - 8. Suppose -3*t - 2*t - 5*a + 25 = 0, v*t - 17 = -a. What is the units digit of t?
4
Let c = -6 + 7. What is the tens digit of ((c - -1) + 9)*1?
1
What is the tens digit of -1 - (1/(-1) + -177)?
7
What is the units digit of 69/(-2)*(-6 + 10/5)?
8
What is the tens digit of 6/42 + 839/7?
2
Let g(f) = f**3 + 6*f**2 + 2*f + 1. What is the tens digit of g(-5)?
1
Let u = 6 + -5. Let j(b) = 7*b**3 - 1. What is the units digit of j(u)?
6
Let h = -1 + 4. Let m be (7 + 3/(-3))*-1. Let i = h - m. What is the units digit of i?
9
Suppose 4*v - 8 = -0. Let h(a) = -a + 4. Let r be h(4). Suppose -v*o + r*o = -4. What is the units digit of o?
2
Let m be 2/(-1 + (-314)/(-310)). Suppose m = 4*s + s. What is the units digit of s?
1
Suppose 0 = 5*h - 44 - 286. Suppose -4*f + 5*o = -47 - h, 4*o = -f + 2. What is the units digit of f?
2
Let d = 19 - -15. What is the tens digit of d?
3
Suppose -2*c = -5*c + 24. What is the tens digit of 6/c - (-164)/16?
1
Let n be 24/(-9) + 1/(-3). Let t(x) = x**2 - 3. Let z be t(n). What is the units digit of (-1 - -15)*z/12?
7
Let q(h) = -h**2 + 32. What is the tens digit of q(0)?
3
Suppose -220 = 6*a - 10*a. What is the units digit of a?
5
Suppose 5*h - 12 = 3*v + v, 2*v + h = 8. Suppose -v*s + 0*o = 5*o - 20, -2*s + 12 = o. Suppose -s*q + q + 4 = 0, 2*q = -3*m + 5. What is the units digit of m?
1
Suppose -3*b - 3 + 21 = 0. Suppose -b*p + 5*p + 4 = 0. Suppose -p*g = -g - 21. What is the units digit of g?
7
Suppose -3*p = 6, 0 = 4*s - 5*p - 125 - 45. What is the tens digit of s?
4
Let o be 3/2 - 297/(-18). What is the tens digit of (-236)/(-6) + (-24)/o?
3
Let s be 2/1*2/4. Let l = s - 0. Suppose 2 = u - l. What is the units digit of u?
3
Let n(f) = f**2 - 2*f - 19. Let h be n(-8). Suppose -2*t - p = -t - 6, 3*t - p - 18 = 0. What is the units digit of t/21 - h/(-7)?
9
Suppose 0*s + 56 = 4*s. Let a be 8/28 + 1284/s. What is the units digit of 1/2 + a/8?
2
Let h(a) be the first derivative of 2*a**2 - 6*a + 2. Let j be h(4). What is the units digit of -1 + j + 0/5?
9
Suppose 3*g - 73 = 5*h - 0*h, g - 5*h = 11. What is the tens digit of g?
3
What is the tens digit of (-199)/(-7) + (-15)/35?
2
Let k be 1 - -1 - 1 - -2. Suppose 0 = -0*j + k*j - 33. Let z = j + -6. What is the units digit of z?
5
Suppose l = 5*l - 216. Suppose -6*f + 6 = -l. What is the units digit of f?
0
Suppose 95 = 4*r + 3*y, 0 = 4*y - y - 15. Suppose -7 - r = -2*t - 5*b, 5*b + 3 = 3*t. What is the units digit of t?
6
Let p = -56 - -121. What is the tens digit of p?
6
What is the tens digit of (2/4)/(3/144)?
2
Let s(p) = -p**3 + 2*p**2 + 2*p + 3. Let y be s(3). Suppose -4*q = -y*q - 76. What is the tens digit of q?
1
Suppose 3*r = 1 + 8. Suppose -4*c - 60 = 4*z, 8*z = 4*z - r*c - 59. What is the units digit of ((-21)/z)/(2/24)?
8
Let c(p) = 5*p + 3*p - 5*p - 3 + 5*p. What is the units digit of c(3)?
1
Suppose -4*s + 8 = -0*s. Suppose -39 = -5*u + 3*l, s*l + 6 = -u - 2*l. What is the units digit of u?
6
Let u = -9 + 68. What is the tens digit of u?
5
Let s = 62 + -28. What is the units digit of s?
4
Let m(c) be the third derivative of -c**4/6 - 13*c**3/6 + 7*c**2. What is the units digit of m(-9)?
3
Let d be (-1 + -23)*(-2)/(-3). Let s be 0 + (4/2 - d). Suppose 3*b - 39 + s = 0. What is the units digit of b?
7
Let z(r) = r**3 + 9*r**2 - 2*r + 6. What is the units digit of z(-3)?
6
Suppose -8*k + 12*k = 136. What is the units digit of k?
4
Suppose 0*k + 40 = 4*k. Suppose -v = v + k. Let t = 2 - v. What is the units digit of t?
7
Let d = 36 + 9. Suppose d = -0*g + 3*g. What is the tens digit of g?
1
Let p = 24 - 24. Suppose 2*k + p = 62. What is the tens digit of k?
3
Let v(o) = o**2 - 7*o - 6. Let j be v(7). Let l(c) = -c - 1. What is the units digit of l(j)?
5
Let m = -47 + 97. What is the tens digit of m?
5
What is the tens digit of 1/6*3*82?
4
Let s(p) = -p**2 + 8*p + 8. Let w be s(6). Suppose 0 = -0*b + 5*b - w. What is the units digit of b?
4
